se 0 = 4*i - u - 1273, 5*i - 10*i + 2*u + 1595 = 0. What are the prime factors of i?
317
Suppose o - 1692 = -4*a - o, 3*o + 1712 = 4*a. List the prime factors of a.
5, 17
Let o be (-286)/(-33)*(5 - 2). Let f = 20 + o. Suppose 31 + f = 7*a. What are the prime factors of a?
11
Suppose 8*b = 200 - 552. List the prime factors of (b/5)/(4/(-40)*1).
2, 11
Suppose -a + 6*c = 2*c - 14, -c = 3. Suppose -2*m = 8 - a, 4*k - 2*m = 282. Suppose -3*q + 89 = 2*t, k + 78 = 5*q + 2*t. List the prime factors of q.
29
Suppose -399 - 65 = 8*h. Let t = -25 - h. What are the prime factors of t?
3, 11
Suppose 292 = -2*o + 1982. What are the prime factors of o?
5, 13
Let v = -26 + 15. Let m(l) = l + 15. Let d be m(v). Suppose -2*t = d - 44. List the prime factors of t.
2, 5
Let u be (-8)/(-24) + (-1)/3. Suppose 5*p = -u*p - 30. What are the prime factors of (-24 + 0)*4/p?
2
Suppose 9*x - 4 + 13 = 0. What are the prime factors of 18/(-7 - -1) + 132 + x?
2
Suppose -2*i + 4*i = 4*h + 10, 2 = -2*h. Suppose -41 = -y - 2*p, -3*y + 158 = 2*p - i*p. List the prime factors of y.
3, 17
Let j(h) = h**3 - 19*h**2 + 59*h - 39. What are the prime factors of j(16)?
137
List the prime factors of (-1)/4*-8 + (1302 - 1).
1303
Let i be 132 + 0/(-4) + -4. Suppose -i = 5*g + 22. What are the prime factors of (4 + 2)*g/(-9)?
2, 5
Let y = 62 - 62. Suppose -2*z - 3*j + 62 = 0, y*z + 93 = 3*z + 4*j. List the prime factors of z.
31
Let l(h) = 9*h - 5. Let t be l(6). Suppose -t = 4*z - 1. List the prime factors of 23 + z/(-8)*-2.
2, 5
Let m(z) = 25*z + 25*z + 19 - 51*z. List the prime factors of m(9).
2, 5
Let h be ((-4)/14 + (-4)/(-14))*-1. Suppose 5*y - 424 - 346 = h. List the prime factors of y.
2, 7, 11
Let q(w) = 4 + 0 - 3 + 2*w. Let j be q(-10). List the prime factors of -2 - (-1)/(-1) - j.
2
Suppose -2*r - 3*j + 4 = j, -5*r + 4*j = -10. Suppose -r*u = 2*z - 6*u - 16, 0 = 5*z - 3*u - 26. Suppose -z*c = -c - 15. What are the prime factors of c?
5
Let x(g) = 2*g**2 + g + 1. Let v be x(-1). Suppose 5*u - v*u + 92 = -2*a, -5*a = 4*u + 118. Let c = u - -56. List the prime factors of c.
2, 3
Suppose -10 = 5*d, 2*f - 17*d + 13*d - 4034 = 0. What are the prime factors of f?
3, 11, 61
Suppose -4*l + 5*t - 13 = 0, -3*t - 5 = -4*t. Suppose 0 = -l*d + 6. Suppose 0 = k + d*x - 48, -5*k + 140 = x - 109. What are the prime factors of k?
2, 5
Let a be -24 + 16/(-28)*14/(-4). Let k = a - -217. List the prime factors of k.
3, 5, 13
Suppose 1824 - 690 = 7*p. Let n = 234 - p. What are the prime factors of n?
2, 3
Let y = 1520 - 608. What are the prime factors of y?
2, 3, 19
Suppose 0 = -4*h - 0 + 16, -3*h = -2*b + 878. List the prime factors of b.
5, 89
Suppose -4 = -5*r + 21. Suppose -3*c + 187 = -2*v - 3*v, 0 = -r*c - v + 265. Let a = c - 20. List the prime factors of a.
2, 17
Let x(k) = 3*k - 3. Let l be x(6). Suppose 11*h = l*h - 148. Let m = h + -18. List the prime factors of m.
19
Let h(a) = 248*a + 179. What are the prime factors of h(6)?
1667
Let w(o) = -170*o + 214. List the prime factors of w(-9).
2, 109
Let o(x) = -4*x + 2. Let l be o(4). Let z(j) = j**3 + 14*j**2 + j + 19. Let u be z(l). Suppose -18 = -r - u. List the prime factors of r.
13
Let o(p) = -91*p**3 - 16*p - 59. List the prime factors of o(-4).
3, 29, 67
What are the prime factors of -2*(-3 + (-25250)/20)?
2531
Suppose -971 = -g + 5*r, 0 = 2*g + g + 3*r - 2949. List the prime factors of g.
3, 109
Let i(m) = m**3 - 5*m**2 + 3*m + 10. Let n be i(-4). Let f = -80 - n. What are the prime factors of f?
2, 3, 11
What are the prime factors of 107/(-749) - (-38978)/14?
2, 3, 29
List the prime factors of -20 - -5464 - (-96)/8.
2, 11, 31
Suppose -4*q = 5*w + 77, 4*w = -0*q - 3*q - 62. Let n(f) = -f**3 - 18*f**2 - 19*f - 25. List the prime factors of n(w).
3
Let z be (-14)/105 + 437/15. Suppose -3*y + 5*y + 38 = 0. Let r = y + z. What are the prime factors of r?
2, 5
Let g = -89 + 874. What are the prime factors of g?
5, 157
Let t(c) = -c**2 + 8*c + 12. Let i be t(9). Suppose i*l + 55 - 205 = 0. What are the prime factors of l?
2, 5
Let d be 1 - 6/(-2) - 10. Let t(j) = j**3 + 8*j**2 + 4*j - 14. What are the prime factors of t(d)?
2, 17
Let t = -2223 - -3807. List the prime factors of t.
2, 3, 11
Suppose 0 = 3*w - 6*d - 5001, -2*w + 4*d = 5*d - 3344. List the prime factors of w.
3, 557
Let l be 31/((-4)/16*-4). Suppose 35 + l = 2*o. What are the prime factors of o?
3, 11
Let w = 4 + -40. Let c = w - -32. List the prime factors of 3/6 - 154/c.
3, 13
Let b be 8/28*(0 + 7). Let n be 4 + -3 + -4 + b. What are the prime factors of (45/(-6))/(n/2)?
3, 5
Let b(l) be the first derivative of 2*l**2 + 6*l - 7. What are the prime factors of b(4)?
2, 11
Let h(d) = -5 - 6 + 66*d + 6. List the prime factors of h(2).
127
Let t(w) = -14*w**3 - 4*w**2 + w + 10. List the prime factors of t(-4).
2, 419
Let a(d) = -11*d - 46. Let x(i) = -12*i - 46. Let w(f) = 5*a(f) - 6*x(f). Let c(t) = -6*t - 15. Let v(m) = 11*c(m) + 4*w(m). What are the prime factors of v(5)?
29
Let k(w) = -w**3 + 3*w**2 + 2*w + 11. Let f be k(4). Suppose 5*o + 0*o + 3*j - 9 = 0, 5*j = o + 15. Suppose o*l - f*l = -129. List the prime factors of l.
43
Let q(w) = -5*w - 3. Let p be q(2). List the prime factors of 4 + (-4 - p/2)*46.
7, 17
Let m(u) = -u**3 + 7*u**2 - 4*u - 8. Let d be m(6). Suppose -8 = d*x + 40. Let s = -8 - x. List the prime factors of s.
2
Let z(r) = -r**3 + 5*r**2 - 6*r + 11. Let q be z(6). Let m = -47 - q. List the prime factors of m.
2, 7
Let b(y) = -y**2 + 3*y + 276. Let j be b(0). Suppose -66*i = -63*i - j. List the prime factors of i.
2, 23
What are the prime factors of 2/5 + (3 - (-3883)/5)?
2, 3, 5, 13
Let d be 29/2*12/2*1. Suppose -3*g = -h + d, -5*h + 367 = -g + 3*g. List the prime factors of h.
3, 5
Let n(z) = 10*z - 1. Let b(s) = 29*s - 4. Let r(o) = 2*b(o) - 7*n(o). Let f be r(-2). Let h = f + 13. List the prime factors of h.
2, 3
Suppose 0 = -5*h + 54 + 476. List the prime factors of h/(-8)*(-10 + (2 - 0)).
2, 53
Suppose -17*d + 32*d = 3210. List the prime factors of d.
2, 107
Suppose -29 = -d - d - 5*q, -4*d = -2*q + 2. Suppose -51 = h - d*h. What are the prime factors of h?
3, 17
Suppose -13 = -3*m + k - 5, -16 = -m - 3*k. Suppose 4*y - v = -239, 3*v - 7*v = m*y + 244. List the prime factors of 2/(177/y + 3).
2, 5
Suppose -3*g + 9 = 21. Let c = 11 - g. What are the prime factors of c?
3, 5
Let w(t) = 3*t**3 + 2*t**2 - 15*t - 1. What are the prime factors of w(6)?
17, 37
Let y be (-1)/2 + (-138)/(-4). Suppose 2*z - 3*z = 4*b - y, -3*b + 6 = 0. Suppose 4*u - z = -w + 10, -20 = -5*u + 5*w. What are the prime factors of u?
2
Let g = 3 + 0. Suppose -2*s + 4*c + 13 = -19, -g*s + 5*c + 43 = 0. What are the prime factors of s/3*(17 + -1)?
2
Suppose -4*x + q = 1285, 2*q - 5*q = x + 331. Let v = -224 - x. List the prime factors of v.
2, 7
Suppose 4*t + o = 5*t + 9, 0 = -2*t - 4*o - 30. Let i = 25 + t. Let m = i - 2. What are the prime factors of m?
2, 3
Let d = 26 + -24. Suppose d*v - 2*k - 120 = 2*k, v - 67 = -5*k. What are the prime factors of v?
2, 31
Suppose 27*s + 354936 = 96*s. List the prime factors of s.
2, 643
Suppose 2*h - o - 7754 = o, -2*h + 7761 = 5*o. List the prime factors of h.
2, 7, 277
Suppose c - 2*a + 1 = 3, 3*a = -5*c - 3. Let g(h) = h**2 - 3*h + 2. Let f be g(4). Let b = c + f. List the prime factors of b.
2, 3
Let q(f) = f**3 + 7*f**2 - 7*f - 5. Suppose 2*t + 16 = -0*t. Let s be q(t). Let b(j) = -j**2 - 15*j + 4. What are the prime factors of b(s)?
2, 3, 5
Let i(g) = -g**3 - 2*g**2 - g + 2. Let l be i(-3). Let b be (-1*l)/((-2)/8). Let a = -37 + b. List the prime factors of a.
19
Suppose -5*w + 939 + 581 = 0. Suppose 22*j - 24*j = -w. List the prime factors of j.
2, 19
Let k be 285/25 - 6/15. Let q = k - 3. What are the prime factors of (q*-1)/(6/(-33))?
2, 11
Suppose -2*d = -i + 9 - 3, 0 = d + 2. What are the prime factors of 1*(i + 164/4)?
43
Let i(v) = v**3 + 3*v**2 - 3*v + 4. Let n be i(-4). Suppose 2*o - 68 = -n*o + h, -2*o - h = -60. List the prime factors of o.
2
Let z be ((-2)/5)/(1/(-5)). Suppose 0 = 3*x + z*u - 20, 2 = -0*u - u. List the prime factors of (-2)/(-8) - (-222)/x.
2, 7
Let v be (-48)/30*(-1 - -6). List the prime factors of -4 + 2*(-92)/v.
19
Let r = -10 - -10. Suppose 2*w - t = -r*w - 48, 4*t - 96 = 4*w. List the prime factors